 1. Let r(s) = -4*s**2 + 9*s - 1. Let k(x) = -5*o(x) + 6*r(x). Determine k(-3).
-4
Let o(l) = -l**3 + 4*l**2 + l - 2. Let b = 1 + -3. Let j = b - -7. Suppose -2*t + j*t - 12 = 0. Determine o(t).
2
Let a(l) = 8*l**3. Let n = 20 + -21. Determine a(n).
-8
Let u(z) = -z**3 + 4*z**2 - 2*z - 2. Suppose -5*c + 22 + 3 = 0. Suppose c*x + 3*f - 15 = 1, x + f = 4. Calculate u(x).
2
Let d(n) be the third derivative of n**8/20160 + n**7/1260 + n**6/360 + 2*n**5/15 + 4*n**2. Let h(u) be the third derivative of d(u). Calculate h(-2).
-2
Let y(u) be the second derivative of u**3/3 + 5*u**2/2 + 2*u. Calculate y(-5).
-5
Let t(f) = 6*f**2 + f - 1. Let u(q) = q**3 - 8*q**2 + 8*q - 2. Let g be u(7). Let w be 1/2*(g + -3). What is t(w)?
6
Let b(q) = -3*q**2 + q - 1. Suppose 0 = -2*l + 22 - 8. Suppose 5*m + 2 = l. What is b(m)?
-3
Let h = -17 - -9. Let r(m) = -m**3 - 7*m**2 + 6*m - 11. What is r(h)?
5
Suppose -3*i - 4*s = -4*i + 10, 3*s + 8 = i. Let q(c) = c**2 + i*c + 2*c - 10*c + 1 + 0. Calculate q(3).
-8
Let w be ((-4)/(-32)*2)/3. Let x(c) be the second derivative of w*c**4 - 3/2*c**2 + 0*c**3 + 2*c + 0. Determine x(-3).
6
Let w(f) = f**2 - 2*f - 1. Suppose u = -27 - 9. Let p be (u/15)/(-4)*5. Give w(p).
2
Let o(j) = -j**2 + j + 1. Let z(h) = -h**3 + 7*h**2 - 4. Let l(v) = -2*o(v) - z(v). Determine l(5).
-8
Let g(k) = -22*k - 2 + 12*k + 12*k. What is g(3)?
4
Suppose -2 = 4*k - 10. Let m(f) = -f**2 - 5*f - 2. Let y be m(-3). Let c(l) = 4*l + 2 - l - y*l. Give c(k).
0
Let c(d) = -35*d - 43. Let y(b) = -18*b - 22. Let z(i) = 3*c(i) - 5*y(i). Let h(j) = 7*j + 9. Let r(a) = -13*h(a) - 6*z(a). What is r(-3)?
0
Let c(z) = z**2 - 7*z - 4. Let v be c(-3). Let j be 44/52 + 4/v. Let q(i) = -13*i + 1. What is q(j)?
-12
Let z(y) = -14*y + 8. Let w(r) = -5*r + 3. Let t(b) = 11*w(b) - 4*z(b). Determine t(1).
2
Let i(y) = 6*y + 0*y**2 - y**2 - 6 - y. Let b = 0 - -4. Give i(b).
-2
Suppose -3*s + 12 = -0*s. Let g(l) be the third derivative of 0 + 5/6*l**3 + 1/8*l**4 + 1/120*l**6 - 1/12*l**5 + 14*l**2 + 0*l. Determine g(s).
1
Let p(b) = 2*b**3 - b + 2. Let l be p(1). Let r(s) = -2*s + 2. Calculate r(l).
-4
Suppose 6 = 3*g, g - 10 = -3*t - g. Let y(j) = -7*j + 3. Determine y(t).
-11
Suppose -4*i + 14 + 1 = -n, 2*n + 4*i = 6. Let x = n + 6. Let p(c) = -6*c**2 + c. Let s(g) = 13*g**2 - g - 1. Let a(y) = -9*p(y) - 4*s(y). Determine a(x).
7
Let u(b) be the first derivative of -b**2 + 3*b - 10. What is u(6)?
-9
Let o(w) = -w**2 - 5 + 5*w - 2 + 4. Give o(2).
3
Let x(a) be the second derivative of a**4/12 + 7*a**3/6 + 3*a**2 - 9*a. Suppose u + 4*u - y = -23, 3*u - 2*y = -11. Determine x(u).
-4
Let d(x) = 4*x + 12*x**2 + 13*x**2 + 11*x**2 - 44*x**2 + 9*x**2. Suppose 4*z = z - 18. Give d(z).
12
Let d be (-3)/3*-2 + 0. Let h(g) = 3*g**3 - 7*g**2 - 15*g + 7. Let m(c) = c**3 - 4*c**2 - 7*c + 3. Let w(v) = d*h(v) - 5*m(v). Give w(-5).
-1
Let q(y) = 3 - 7 + 2*y + 3 + y. Give q(-1).
-4
Let x(q) be the third derivative of q**6/120 + 7*q**5/60 + q**4/3 + q**3 + 13*q**2. Determine x(-6).
-6
Let a = 11 + -18. Let n(i) = -i**2 - 8*i - 3. Determine n(a).
4
Let l = 0 + -5. Let b(p) = -p - 8. Determine b(l).
-3
Let x(z) = -z**2 + 4*z. Let c = 14 + -12. Give x(c).
4
Let t(q) = q**2 + q - 3. Let r be t(-3). Suppose -3*a + 1 = 2*o + 12, o - 7 = a. Let j(l) = l**2 + 3 - 1 + 0*l - o*l. Calculate j(r).
5
Let h(g) = g**3 - 9*g**2 + 14*g + 2. Let y be h(7). Let b(w) = 2*w**2 - 6*w**2 + w + 0*w**y. Give b(-1).
-5
Let w(q) = -q**2 - 5*q - 2. Let p(t) = -3*t**2 - 11*t - 4. Let u(m) = -2*p(m) + 5*w(m). Give u(-2).
8
Suppose 3*z - 20 = 10. Suppose 0 = 3*g - 4*m - 9, g + 3*m + z = -0. Let y(v) be the third derivative of -3*v**6/40 - v**5/60 - v**2. What is y(g)?
8
Let n(u) = u - 15 - 15 + 25. Determine n(7).
2
Suppose -4*w = -w - 3*h + 6, 5*h - 1 = 2*w. Let g(i) = 2*i - 1. Let m(c) = 3*c. Let s(r) = -4*g(r) + 3*m(r). Calculate s(w).
1
Suppose -3*y = -4*c + 4 + 1, -c - 3 = -5*y. Let s(u) = u**2 + 4*u + 4. Let q(x) = x**2 + x + 1. Let m = 0 + 1. Let d(w) = m*s(w) - 3*q(w). Give d(c).
-5
Suppose -u - 4 = 1. Let g(t) = -t - 6. Give g(u).
-1
Let l(d) = 5 + d + 1 - 5*d**2 - d**3 - 3. Let o be (-18)/(-81) + 94/(-18). Calculate l(o).
-2
Let w(k) = -5*k + 8. Let y(l) = 5*l - 7. Let f(s) = 6*w(s) + 7*y(s). Determine f(-1).
-6
Suppose -2*o + 7*o = 0. Let k(h) = -h**2 - h + 3. Let i be k(o). Let y(w) = -1 - i*w - 1 + 5*w**2 + 8 - 4*w**2. Give y(4).
10
Let o(c) = c**2 - 7*c + 8. Suppose 35 = 6*g - g. What is o(g)?
8
Let s(l) = -l**3 + 4*l**2 + 6*l - 4. Let f(q) = -2*q**3 - 4*q**2 - 4*q. Let y be f(-3). Suppose 22 = 2*c - 4*h, -2*h + 9 = -3*c + y. Determine s(c).
1
Let o(k) = -6*k + k - 2 + k - 2*k. Calculate o(-2).
10
Suppose 0 = -2*u + 3*u - 3*m - 6, u - 8 = 5*m. Let x(k) = -u*k - 1 - 2 + 6*k. Determine x(3).
6
Let m be 2 - 1/(-1)*-6. Let n(k) be the third derivative of 0 + 0*k + 1/60*k**5 - 2*k**2 + 1/6*k**4 + 1/6*k**3. Determine n(m).
1
Let r(d) = d - 4. Let b(z) be the second derivative of 1/12*z**4 + 5/2*z**2 + 2*z + 1/6*z**3 + 0. Let m be b(0). What is r(m)?
1
Let p(r) = 20*r + 1. Let s(f) = -3*f. Let h(z) = 3*p(z) + 21*s(z). Give h(3).
-6
Let u(g) = -5 + 6*g + 2 - 5*g. Determine u(5).
2
Let n(k) = -k + 1. Let b be (0 - 1)*(10 + -25). Suppose 0 = 4*z + 35 - b. What is n(z)?
6
Suppose -9*a + 11 = -61. Let i(c) = -c. Give i(a).
-8
Let r(q) = 5*q**3 + 8*q**2 + 11*q + 3. Let y(l) = -3*l**3 - 5*l**2 - 7*l - 2. Let a = 18 + -10. Let p(m) = a*y(m) + 5*r(m). Give p(-2).
-7
Suppose 5*v + 2 = 17. Let o = v + -1. Let g(c) = 6*c + c**3 + c**o - 2*c**2 + c**2 - 7*c**2. What is g(6)?
0
Let j(t) be the first derivative of 2*t**2 - 1. Suppose 0 = 2*p - 12 + 10. Determine j(p).
4
Let o(q) = 7*q**2 + q + 10. Let s(j) = -8*j**2 + 3*j - 11 - 3*j. Let y be (0 - 18/15)*5. Let w(i) = y*s(i) - 7*o(i). Determine w(-5).
6
Let p(m) = -m**2 + 3*m + 2. Let w = -16 + 21. Determine p(w).
-8
Let k(b) = b**3 - 2*b**2 - b + 3. Suppose 0 = -j - 2*h + 7, 3 = -6*j + 9*j - 3*h. What is k(j)?
9
Let l(z) = z + 1. Let v(r) = 5*r + 6. Let g(b) = 11*l(b) - 2*v(b). Determine g(6).
5
Let f(u) = 4*u + 2. Let t(d) be the third derivative of -d**4/24 - d**3/6 + 7*d**2. Let w(i) = -2*f(i) - 7*t(i). Give w(-4).
7
Let s(m) = 9*m + 15. Let u(i) = 14*i + 23. Let l(d) = 8*s(d) - 5*u(d). Determine l(-5).
-5
Let z(p) = p + 4. Let n be z(3). Suppose q - f = n, -f - 2*f - 6 = 0. Let m(o) = -7*o + 5. Let t(b) = 3*b - 3. Let y(s) = -2*m(s) - 5*t(s). Calculate y(q).
0
Let o(f) = -f - 1. Let x(q) = 7*q + 4. Let s(a) = 5*o(a) + x(a). Suppose 0 = 3*b - 2 - 1. What is s(b)?
1
Let g(m) be the third derivative of -m**5/30 - m**4/24 + m**3/3 + 3*m**2. Suppose 4*a - 8*a = -24. Suppose -3*f + 0 = a. Determine g(f).
-4
Let s(u) = 3*u**2 + 2 + u**3 + 2 + u - 6. What is s(-3)?
-5
Let k(t) = t**3 + 7*t**2 - 8*t - 2. Let q be k(-8). Let y be 7/14 - (-3)/2. Let a = q - y. Let r(m) = -m**3 - 4*m**2 - m + 1. What is r(a)?
5
Let x be (-52)/8 + (-1)/(-2). Let q(l) = l**2 + 7*l + 1. What is q(x)?
-5
Let l(d) be the second derivative of d**3/6 - 5*d**2/2 - 20*d. Let c = 6 - 2. Suppose 2*t = c*t. Give l(t).
-5
Let y = 1 + 0. Suppose 3*u - y = -0*u - 2*s, -7 = -u + s. Let t(a) = 2*a - 2*a**3 - 5*a**2 + 2*a**u + 7 - a**3. What is t(-5)?
-3
Let s(p) = -p**2 - 10*p - 9. Let q be s(-8). Let y(r) = -q*r - 4 + 4*r + 0*r + r**2. Determine y(3).
-4
Let t = -7 + 8. Let c(z) be the third derivative of -z**5/60 - z**3/6 - 3*z**2. Give c(t).
-2
Let z be (-12)/(-20) + 104/10. Suppose 3*t + 5*p = -z - 11, 6 = t - p. Let r(c) = -3*c - 1 + 3*c - 3*c. What is r(t)?
-4
Suppose 1 = -3*w + 7. Let m(y) = 0*y - 2*y**3 + 6*y**2 + y + y**3 + w. Determine m(6).
8
Suppose -3*l + 0 - 18 = r, 3*l = -15. Let b(s) = s**3 + 4*s**2 - 3. Give b(r).
6
Let n = 29 - 46. Let p = 12 + n. Let s(w) = -1 + 5 + 1 + 2*w. What is s(p)?
-5
Let i(c) = -9 - c + 9 - c. Let h(y) = -8*y. Let r(j) = 2*h(j) - 12*i(j). Give r(-1).
-8
Let m(q) be the second derivative of -q**7/2520 - q**6/120 - q**5/120 - q**4/3 + q. Let g(b) be the third derivative of m(b). Determine g(-6).
-1
Let x(g) = -2*g - 1. Let j be x(-2). Let u(p) = -p**2 + 10*p + 1. Let l(t) = t**2 - 9*t - 1. Let q(y) = j*u(y) + 4*l(y). Determine q(6).
-1
Let f(v) = v + 12. Let q be f(-9). Suppose 6 = -q*w - 0. Let u(t) = 5 - 3 + t**2 + 0*t**2 + 0. Calculate u(w).
6
Let r(d) be the third derivati